{"id":839,"date":"2020-07-01T11:43:18","date_gmt":"2020-07-01T10:43:18","guid":{"rendered":"https:\/\/accent4-prod.ngk.tools\/?page_id=839"},"modified":"2024-11-08T10:51:24","modified_gmt":"2024-11-08T09:51:24","slug":"deposez-votre-annonce","status":"publish","type":"page","link":"https:\/\/accent4.com\/preprod\/deposez-votre-annonce\/","title":{"rendered":"Promouvoir votre \u00e9v\u00e9nement"},"content":{"rendered":"\n<p><strong>Vous organisez un concert ? Faites le savoir!<\/strong><\/p>\n\n\n\n\t<div id=\"accent4-ads-submit\">\n\n\t\t<div id=\"accent4-ads-submit-form-wrapper\">\n\t\t\n\t\t\t<div id=\"accent4-ads-spinner\" class=\"hide-if-no-js\">Traitement en cours, merci de bien vouloir patenter. Ne fermez pas la page.<br \/><img decoding=\"async\" src=\"https:\/\/accent4.com\/preprod\/wp-content\/themes\/jnews-child\/assets\/img\/spinner.gif\" alt=\"loading\" \/><\/div>\n\n\t\t\t<form id=\"accent4-ads-submit-form\" class=\"accent4-form\" action=\"\" method=\"post\" enctype=\"multipart\/form-data\">\n\n\t\t\t\t<fieldset class=\"accent4ads__announcer\">\n\n\t\t\t\t\t<legend>1 - Vos informations<\/legend>\n\n\t\t\t\t\t<p class=\"accent4ads__announcer__name\">\n\t\t\t\t\t\t<label for=\"advertiser-name\">Nom de l\u2019annonceur :<\/label>\n\t\t\t\t\t\t<input type=\"text\" name=\"advertiser-name\" required data-msg=\"Merci de compl\u00e9ter ce champ\" \/>\n\t\t\t\t\t<\/p>\n\n\t\t\t\t\t<p class=\"accent4ads__announcer__email\">\n\t\t\t\t\t\t<label for=\"advertiser-email\">Adresse mail :<\/label>\n\t\t\t\t\t\t<input type=\"email\" name=\"advertiser-email\" required data-msg=\"Merci de renseigner une adresse de courriel valide\" \/>\n\t\t\t\t\t<\/p>\n\n\t\t\t\t\t<p class=\"accent4ads__announcer__phone\">\n\t\t\t\t\t\t<label for=\"advertiser-phone\">T\u00e9l\u00e9phone :<\/label>\n\t\t\t\t\t\t<input type=\"text\" name=\"advertiser-phone\" \/>\n\t\t\t\t\t<\/p>\n\n\t\t\t\t\t<p class=\"accent4ads__announcer__address\">\n\t\t\t\t\t\t<label for=\"advertiser-address\">Adresse de facturation :<\/label>\n\t\t\t\t\t\t<textarea name=\"advertiser-address\" required data-msg=\"Merci de compl\u00e9ter ce champ\"><\/textarea>\n\t\t\t\t\t<\/p>\n\n\t\t\t\t<\/fieldset>\n\n\t\t\t\t<fieldset class=\"accent4ads__ad-info\">\n\n\t\t\t\t\t<legend>2 - Votre annonce<\/legend>\n\n\t\t\t\t\t<p class=\"accent4ads__ad-info__band\">\n\t\t\t\t\t\t<label for=\"concert-ensemble\">Ensemble musical :<\/label>\n\t\t\t\t\t\t<input type=\"text\" name=\"concert-ensemble\" required data-msg=\"Merci de compl\u00e9ter ce champ\" \/>\n\t\t\t\t\t<\/p>\n\n\t\t\t\t\t<p class=\"accent4ads__ad-info__venue\">\n\t\t\t\t\t\t<label for=\"concert-place\">Lieu du concert :<\/label>\n\t\t\t\t\t\t<input type=\"text\" name=\"concert-place\" required data-msg=\"Merci de compl\u00e9ter ce champ\" \/>\n\t\t\t\t\t<\/p>\n\n\t\t\t\t\t<p class=\"accent4ads__ad-info__date\">\n\t\t\t\t\t\t<label for=\"concert-date\">Date du concert :<\/label>\n\t\t\t\t\t\t<input id=\"concert-date\" type=\"text\" name=\"concert-date\" required data-msg=\"Merci de compl\u00e9ter ce champ\" \/>\n\t\t\t\t\t<\/p>\n\n\t\t\t\t\t<p class=\"accent4ads__ad-info__content\">\n\t\t\t\t\t\t<label for=\"advertiser-freetext\">Texte libre (limit\u00e9 \u00e0 600 caract\u00e8res) :<\/label>\n\t\t\t\t\t\t<textarea name=\"advertiser-freetext\" maxlength=\"600\" required data-msg=\"Ce champ est requis\"><\/textarea>\n\t\t\t\t\t<\/p>\n\n\t\t\t\t\t<p class=\"accent4ads__ad-info__image\">\n\t\t\t\t\t\t<label for=\"concert-image\">Image (optionnel, sans surcout) : <\/label>\n\t\t\t\t\t\t<input type=\"file\" name=\"concert-image\" id=\"concert-image\" multiple=\"false\" \/>\n\t\t\t\t\t<\/p>\n\n\t\t\t\t<\/fieldset>\n\n\t\t\t\t<fieldset class=\"accent4ads__payment\">\n\n\t\t\t\t\t<legend>3 - Paiement<\/legend>\n\n\t\t\t\t\t<div><p>Prix de l'annonce : 135 \u20ac<\/p><\/div>\n\n\t\t\t\t\t<div>\n\t\t\t\t\t\t<p>Saisissez vos informations de paiement ci dessous :<\/p>\n\t\t\t\t\t\t<div id=\"ads-card\"><\/div>\n\t\t\t\t\t<\/div>\n\n\t\t\t\t\t<div id=\"ads-errors\"><\/div>\n\n\t\t\t\t\t<div id=\"3ds\"><\/div>\n\n\t\t\t\t<\/fieldset>\n\n\t\t\t\t<div class=\"accent4ads__submit\">\n\t\t\t\t\t<input type=\"hidden\" name=\"accent4-ads-nonce\" value=\"7dbf23be22\" \/>\n\t\t\t\t\t<input type=\"submit\" id=\"ads-submit-button\" value=\"Soumettre et payer 135 \u20ac\" \/>\n\t\t\t\t<\/div>\n\n\t\t\t<\/form>\n\n\t\t<\/div>\n\t\t\n\t<\/div>\n\n\n\n\n\n<p><\/p>\n","protected":false},"excerpt":{"rendered":"<p>Vous organisez un concert ? Faites le savoir!<\/p>\n","protected":false},"author":1,"featured_media":10608,"parent":0,"menu_order":0,"comment_status":"closed","ping_status":"closed","template":"","meta":{"_monsterinsights_skip_tracking":false,"_monsterinsights_sitenote_active":false,"_monsterinsights_sitenote_note":"","_monsterinsights_sitenote_category":0,"_uf_show_specific_survey":0,"_uf_disable_surveys":false,"episode_type":"","audio_file":"","podmotor_file_id":"","podmotor_episode_id":"","cover_image":"","cover_image_id":"","duration":"","filesize":"","filesize_raw":"","date_recorded":"","explicit":"","block":"","itunes_episode_number":"","itunes_title":"","itunes_season_number":"","itunes_episode_type":"","jnews_page_loop":{"enable_page_loop":"0","first_title":"Latest Post","second_title":"","header_type":"heading_6","header_background":"","header_text_color":"","layout":"right-sidebar","sidebar":"default-sidebar","second_sidebar":"default-sidebar","sticky_sidebar":"1","module":"3","boxed":"0","boxed_shadow":"0","box_shadow":"0","excerpt_length":"20","content_date":"default","date_custom":"Y\/m\/d","content_pagination":"nav_1","pagination_align":"center","show_navtext":"0","show_pageinfo":"0","post_offset":"0","posts_per_page":"5","include_post":"","exclude_post":"","include_category":"","exclude_category":"","include_author":"","include_tag":"","exclude_tag":"","sort_by":"latest"},"jnews_single_page":{"layout":"no-sidebar","sidebar":"default-sidebar","second_sidebar":"default-sidebar","sticky_sidebar":"1","show_post_featured":"1","show_post_meta":"0","share_position":"top","share_color":"share-monocrhome"},"footnotes":""},"class_list":["post-839","page","type-page","status-publish","has-post-thumbnail","hentry"],"yoast_head":"<!-- This site is optimized with the Yoast SEO plugin v27.4 - https:\/\/yoast.com\/product\/yoast-seo-wordpress\/ -->\n<title>Promouvoir votre \u00e9v\u00e9nement &#8211; [PREPROD] Accent 4<\/title>\n<meta name=\"description\" content=\"Vous organisez un concert ? Faites le savoir!\" \/>\n<meta name=\"robots\" content=\"index, follow, max-snippet:-1, max-image-preview:large, max-video-preview:-1\" \/>\n<link rel=\"canonical\" href=\"https:\/\/accent4.com\/preprod\/deposez-votre-annonce\/\" \/>\n<meta property=\"og:locale\" content=\"fr_FR\" \/>\n<meta property=\"og:type\" content=\"article\" \/>\n<meta property=\"og:title\" content=\"Promouvoir votre \u00e9v\u00e9nement &#8211; [PREPROD] Accent 4\" \/>\n<meta property=\"og:description\" content=\"Vous organisez un concert ? Faites le savoir!\" \/>\n<meta property=\"og:url\" content=\"https:\/\/accent4.com\/preprod\/deposez-votre-annonce\/\" \/>\n<meta property=\"og:site_name\" content=\"[PREPROD] Accent 4\" \/>\n<meta property=\"article:publisher\" content=\"https:\/\/www.facebook.com\/Accent4\/\" \/>\n<meta property=\"article:modified_time\" content=\"2024-11-08T09:51:24+00:00\" \/>\n<meta property=\"og:image\" content=\"https:\/\/accent4.com\/preprod\/wp-content\/uploads\/2024\/09\/Design-sans-titre-3.jpg\" \/>\n\t<meta property=\"og:image:width\" content=\"1200\" \/>\n\t<meta property=\"og:image:height\" content=\"675\" \/>\n\t<meta property=\"og:image:type\" content=\"image\/jpeg\" \/>\n<meta name=\"twitter:card\" content=\"summary_large_image\" \/>\n<meta name=\"twitter:label1\" content=\"Dur\u00e9e de lecture estim\u00e9e\" \/>\n\t<meta name=\"twitter:data1\" content=\"1 minute\" \/>\n<script type=\"application\/ld+json\" class=\"yoast-schema-graph\">{\"@context\":\"https:\\\/\\\/schema.org\",\"@graph\":[{\"@type\":\"WebPage\",\"@id\":\"https:\\\/\\\/accent4.com\\\/preprod\\\/deposez-votre-annonce\\\/\",\"url\":\"https:\\\/\\\/accent4.com\\\/preprod\\\/deposez-votre-annonce\\\/\",\"name\":\"Promouvoir votre \u00e9v\u00e9nement &#8211; [PREPROD] Accent 4\",\"isPartOf\":{\"@id\":\"https:\\\/\\\/accent4.com\\\/preprod\\\/#website\"},\"primaryImageOfPage\":{\"@id\":\"https:\\\/\\\/accent4.com\\\/preprod\\\/deposez-votre-annonce\\\/#primaryimage\"},\"image\":{\"@id\":\"https:\\\/\\\/accent4.com\\\/preprod\\\/deposez-votre-annonce\\\/#primaryimage\"},\"thumbnailUrl\":\"https:\\\/\\\/accent4.com\\\/preprod\\\/wp-content\\\/uploads\\\/2024\\\/09\\\/Design-sans-titre-3.jpg\",\"datePublished\":\"2020-07-01T10:43:18+00:00\",\"dateModified\":\"2024-11-08T09:51:24+00:00\",\"description\":\"Vous organisez un concert ? Faites le savoir!\",\"breadcrumb\":{\"@id\":\"https:\\\/\\\/accent4.com\\\/preprod\\\/deposez-votre-annonce\\\/#breadcrumb\"},\"inLanguage\":\"fr-FR\",\"potentialAction\":[{\"@type\":\"ReadAction\",\"target\":[\"https:\\\/\\\/accent4.com\\\/preprod\\\/deposez-votre-annonce\\\/\"]}]},{\"@type\":\"ImageObject\",\"inLanguage\":\"fr-FR\",\"@id\":\"https:\\\/\\\/accent4.com\\\/preprod\\\/deposez-votre-annonce\\\/#primaryimage\",\"url\":\"https:\\\/\\\/accent4.com\\\/preprod\\\/wp-content\\\/uploads\\\/2024\\\/09\\\/Design-sans-titre-3.jpg\",\"contentUrl\":\"https:\\\/\\\/accent4.com\\\/preprod\\\/wp-content\\\/uploads\\\/2024\\\/09\\\/Design-sans-titre-3.jpg\",\"width\":1200,\"height\":675},{\"@type\":\"BreadcrumbList\",\"@id\":\"https:\\\/\\\/accent4.com\\\/preprod\\\/deposez-votre-annonce\\\/#breadcrumb\",\"itemListElement\":[{\"@type\":\"ListItem\",\"position\":1,\"name\":\"Home\",\"item\":\"https:\\\/\\\/accent4.com\\\/preprod\\\/\"},{\"@type\":\"ListItem\",\"position\":2,\"name\":\"Promouvoir votre \u00e9v\u00e9nement\"}]},{\"@type\":\"WebSite\",\"@id\":\"https:\\\/\\\/accent4.com\\\/preprod\\\/#website\",\"url\":\"https:\\\/\\\/accent4.com\\\/preprod\\\/\",\"name\":\"Accent 4 - L'instant classique - Radio\",\"description\":\"L&#039;instant classique\",\"publisher\":{\"@id\":\"https:\\\/\\\/accent4.com\\\/preprod\\\/#organization\"},\"potentialAction\":[{\"@type\":\"SearchAction\",\"target\":{\"@type\":\"EntryPoint\",\"urlTemplate\":\"https:\\\/\\\/accent4.com\\\/preprod\\\/?s={search_term_string}\"},\"query-input\":{\"@type\":\"PropertyValueSpecification\",\"valueRequired\":true,\"valueName\":\"search_term_string\"}}],\"inLanguage\":\"fr-FR\"},{\"@type\":\"Organization\",\"@id\":\"https:\\\/\\\/accent4.com\\\/preprod\\\/#organization\",\"name\":\"Accent 4\",\"url\":\"https:\\\/\\\/accent4.com\\\/preprod\\\/\",\"logo\":{\"@type\":\"ImageObject\",\"inLanguage\":\"fr-FR\",\"@id\":\"https:\\\/\\\/accent4.com\\\/preprod\\\/#\\\/schema\\\/logo\\\/image\\\/\",\"url\":\"https:\\\/\\\/accent4.com\\\/preprod\\\/wp-content\\\/uploads\\\/2019\\\/07\\\/cropped-logo-white.png\",\"contentUrl\":\"https:\\\/\\\/accent4.com\\\/preprod\\\/wp-content\\\/uploads\\\/2019\\\/07\\\/cropped-logo-white.png\",\"width\":512,\"height\":512,\"caption\":\"Accent 4\"},\"image\":{\"@id\":\"https:\\\/\\\/accent4.com\\\/preprod\\\/#\\\/schema\\\/logo\\\/image\\\/\"},\"sameAs\":[\"https:\\\/\\\/www.facebook.com\\\/Accent4\\\/\",\"https:\\\/\\\/www.instagram.com\\\/radioaccent4\\\/\"]}]}<\/script>\n<!-- \/ Yoast SEO plugin. -->","yoast_head_json":{"title":"Promouvoir votre \u00e9v\u00e9nement &#8211; [PREPROD] Accent 4","description":"Vous organisez un concert ? Faites le savoir!","robots":{"index":"index","follow":"follow","max-snippet":"max-snippet:-1","max-image-preview":"max-image-preview:large","max-video-preview":"max-video-preview:-1"},"canonical":"https:\/\/accent4.com\/preprod\/deposez-votre-annonce\/","og_locale":"fr_FR","og_type":"article","og_title":"Promouvoir votre \u00e9v\u00e9nement &#8211; [PREPROD] Accent 4","og_description":"Vous organisez un concert ? Faites le savoir!","og_url":"https:\/\/accent4.com\/preprod\/deposez-votre-annonce\/","og_site_name":"[PREPROD] Accent 4","article_publisher":"https:\/\/www.facebook.com\/Accent4\/","article_modified_time":"2024-11-08T09:51:24+00:00","og_image":[{"width":1200,"height":675,"url":"https:\/\/accent4.com\/preprod\/wp-content\/uploads\/2024\/09\/Design-sans-titre-3.jpg","type":"image\/jpeg"}],"twitter_card":"summary_large_image","twitter_misc":{"Dur\u00e9e de lecture estim\u00e9e":"1 minute"},"schema":{"@context":"https:\/\/schema.org","@graph":[{"@type":"WebPage","@id":"https:\/\/accent4.com\/preprod\/deposez-votre-annonce\/","url":"https:\/\/accent4.com\/preprod\/deposez-votre-annonce\/","name":"Promouvoir votre \u00e9v\u00e9nement &#8211; [PREPROD] Accent 4","isPartOf":{"@id":"https:\/\/accent4.com\/preprod\/#website"},"primaryImageOfPage":{"@id":"https:\/\/accent4.com\/preprod\/deposez-votre-annonce\/#primaryimage"},"image":{"@id":"https:\/\/accent4.com\/preprod\/deposez-votre-annonce\/#primaryimage"},"thumbnailUrl":"https:\/\/accent4.com\/preprod\/wp-content\/uploads\/2024\/09\/Design-sans-titre-3.jpg","datePublished":"2020-07-01T10:43:18+00:00","dateModified":"2024-11-08T09:51:24+00:00","description":"Vous organisez un concert ? Faites le savoir!","breadcrumb":{"@id":"https:\/\/accent4.com\/preprod\/deposez-votre-annonce\/#breadcrumb"},"inLanguage":"fr-FR","potentialAction":[{"@type":"ReadAction","target":["https:\/\/accent4.com\/preprod\/deposez-votre-annonce\/"]}]},{"@type":"ImageObject","inLanguage":"fr-FR","@id":"https:\/\/accent4.com\/preprod\/deposez-votre-annonce\/#primaryimage","url":"https:\/\/accent4.com\/preprod\/wp-content\/uploads\/2024\/09\/Design-sans-titre-3.jpg","contentUrl":"https:\/\/accent4.com\/preprod\/wp-content\/uploads\/2024\/09\/Design-sans-titre-3.jpg","width":1200,"height":675},{"@type":"BreadcrumbList","@id":"https:\/\/accent4.com\/preprod\/deposez-votre-annonce\/#breadcrumb","itemListElement":[{"@type":"ListItem","position":1,"name":"Home","item":"https:\/\/accent4.com\/preprod\/"},{"@type":"ListItem","position":2,"name":"Promouvoir votre \u00e9v\u00e9nement"}]},{"@type":"WebSite","@id":"https:\/\/accent4.com\/preprod\/#website","url":"https:\/\/accent4.com\/preprod\/","name":"Accent 4 - L'instant classique - Radio","description":"L&#039;instant classique","publisher":{"@id":"https:\/\/accent4.com\/preprod\/#organization"},"potentialAction":[{"@type":"SearchAction","target":{"@type":"EntryPoint","urlTemplate":"https:\/\/accent4.com\/preprod\/?s={search_term_string}"},"query-input":{"@type":"PropertyValueSpecification","valueRequired":true,"valueName":"search_term_string"}}],"inLanguage":"fr-FR"},{"@type":"Organization","@id":"https:\/\/accent4.com\/preprod\/#organization","name":"Accent 4","url":"https:\/\/accent4.com\/preprod\/","logo":{"@type":"ImageObject","inLanguage":"fr-FR","@id":"https:\/\/accent4.com\/preprod\/#\/schema\/logo\/image\/","url":"https:\/\/accent4.com\/preprod\/wp-content\/uploads\/2019\/07\/cropped-logo-white.png","contentUrl":"https:\/\/accent4.com\/preprod\/wp-content\/uploads\/2019\/07\/cropped-logo-white.png","width":512,"height":512,"caption":"Accent 4"},"image":{"@id":"https:\/\/accent4.com\/preprod\/#\/schema\/logo\/image\/"},"sameAs":["https:\/\/www.facebook.com\/Accent4\/","https:\/\/www.instagram.com\/radioaccent4\/"]}]}},"_links":{"self":[{"href":"https:\/\/accent4.com\/preprod\/wp-json\/wp\/v2\/pages\/839","targetHints":{"allow":["GET"]}}],"collection":[{"href":"https:\/\/accent4.com\/preprod\/wp-json\/wp\/v2\/pages"}],"about":[{"href":"https:\/\/accent4.com\/preprod\/wp-json\/wp\/v2\/types\/page"}],"author":[{"embeddable":true,"href":"https:\/\/accent4.com\/preprod\/wp-json\/wp\/v2\/users\/1"}],"replies":[{"embeddable":true,"href":"https:\/\/accent4.com\/preprod\/wp-json\/wp\/v2\/comments?post=839"}],"version-history":[{"count":0,"href":"https:\/\/accent4.com\/preprod\/wp-json\/wp\/v2\/pages\/839\/revisions"}],"wp:featuredmedia":[{"embeddable":true,"href":"https:\/\/accent4.com\/preprod\/wp-json\/wp\/v2\/media\/10608"}],"wp:attachment":[{"href":"https:\/\/accent4.com\/preprod\/wp-json\/wp\/v2\/media?parent=839"}],"curies":[{"name":"wp","href":"https:\/\/api.w.org\/{rel}","templated":true}]}}